{"id":21466,"date":"2023-03-02T10:10:45","date_gmt":"2023-03-02T10:10:45","guid":{"rendered":"https:\/\/www.ergio.ro\/co\/portfolio\/gladiols\/"},"modified":"2023-03-28T07:41:10","modified_gmt":"2023-03-28T07:41:10","slug":"gladiols","status":"publish","type":"jetpack-portfolio","link":"https:\/\/www.ergio.ro\/co\/ro\/portfolio\/gladiols\/","title":{"rendered":"Gladiols"},"content":{"rendered":"<p>Gladiols este o cas\u0103 construit\u0103 \u00een stil mediteranean, cas\u0103 proiectat\u0103, asamblat\u0103 \u0219i certificat\u0103 pasiv. S-a solicitat \u0219i s-a reu\u0219it s\u0103 ob\u021bin\u0103 un produs perfect adaptabil pie\u021bei din Mallorca, combin\u00e2nd fa\u021bada ventilat\u0103 cu gresie \u0219i fa\u021bada cu termosistem \u0219i tencuial\u0103 decorativ\u0103 siliconic\u0103.<\/p>\n<p>Lemnul folosit \u00een structura construc\u021biei a primit tratament ignifug. Membranele inteligente ProClima ofer\u0103 siguran\u021b\u0103 impermeabil\u0103, indiferent de schimb\u0103rile climatice, izolatorii utiliza\u021bi \u00een structur\u0103 fiind ecologici \u0219i cu o eficien\u021b\u0103 energetic\u0103 ridicat\u0103.<\/p>\n<p>Colaborarea cu partenerii no\u0219tri &#8211; arhitectul Jose Luis Barrantes &amp; ECO Mallorca Passivhaus a f\u0103cut posibil\u0103 realizarea unui produs de \u00eenalt\u0103 clas\u0103, o cas\u0103 elegant\u0103, eficient\u0103 energetic, estetic\u0103 \u0219i practic\u0103.<\/p>\n<h6><\/h6>\n<h6>Suprafa\u021b\u0103<\/h6>\n<p>198m2<\/p>\n<h6><\/h6>\n<h6>Loca\u021bie<\/h6>\n<p>Palma de Mallorca,Spania<\/p>\n","protected":false},"excerpt":{"rendered":"<p>Gladiols este o cas\u0103 construit\u0103 \u00een stil mediteranean, cas\u0103 proiectat\u0103, asamblat\u0103 \u0219i certificat\u0103 pasiv. S-a solicitat \u0219i s-a reu\u0219it s\u0103 ob\u021bin\u0103 un produs perfect adaptabil pie\u021bei din Mallorca, combin\u00e2nd fa\u021bada ventilat\u0103 cu gresie \u0219i fa\u021bada cu termosistem \u0219i tencuial\u0103 decorativ\u0103 siliconic\u0103. Lemnul folosit \u00een structura construc\u021biei a primit tratament ignifug. Membranele inteligente ProClima ofer\u0103 siguran\u021b\u0103 [&hellip;]<\/p>\n","protected":false},"author":1,"featured_media":18168,"comment_status":"open","ping_status":"closed","template":"","jetpack-portfolio-type":[128,125],"jetpack-portfolio-tag":[],"class_list":["post-21466","jetpack-portfolio","type-jetpack-portfolio","status-publish","has-post-thumbnail","hentry","jetpack-portfolio-type-acoperis-drept","jetpack-portfolio-type-timber-frame-ro"],"acf":[],"_links":{"self":[{"href":"https:\/\/www.ergio.ro\/co\/ro\/wp-json\/wp\/v2\/jetpack-portfolio\/21466","targetHints":{"allow":["GET"]}}],"collection":[{"href":"https:\/\/www.ergio.ro\/co\/ro\/wp-json\/wp\/v2\/jetpack-portfolio"}],"about":[{"href":"https:\/\/www.ergio.ro\/co\/ro\/wp-json\/wp\/v2\/types\/jetpack-portfolio"}],"author":[{"embeddable":true,"href":"https:\/\/www.ergio.ro\/co\/ro\/wp-json\/wp\/v2\/users\/1"}],"replies":[{"embeddable":true,"href":"https:\/\/www.ergio.ro\/co\/ro\/wp-json\/wp\/v2\/comments?post=21466"}],"version-history":[{"count":3,"href":"https:\/\/www.ergio.ro\/co\/ro\/wp-json\/wp\/v2\/jetpack-portfolio\/21466\/revisions"}],"predecessor-version":[{"id":21763,"href":"https:\/\/www.ergio.ro\/co\/ro\/wp-json\/wp\/v2\/jetpack-portfolio\/21466\/revisions\/21763"}],"wp:featuredmedia":[{"embeddable":true,"href":"https:\/\/www.ergio.ro\/co\/ro\/wp-json\/wp\/v2\/media\/18168"}],"wp:attachment":[{"href":"https:\/\/www.ergio.ro\/co\/ro\/wp-json\/wp\/v2\/media?parent=21466"}],"wp:term":[{"taxonomy":"jetpack-portfolio-type","embeddable":true,"href":"https:\/\/www.ergio.ro\/co\/ro\/wp-json\/wp\/v2\/jetpack-portfolio-type?post=21466"},{"taxonomy":"jetpack-portfolio-tag","embeddable":true,"href":"https:\/\/www.ergio.ro\/co\/ro\/wp-json\/wp\/v2\/jetpack-portfolio-tag?post=21466"}],"curies":[{"name":"wp","href":"https:\/\/api.w.org\/{rel}","templated":true}]}}

<p>Gladiols este o casă construită în stil mediteranean, casă proiectată, asamblată și certificată pasiv. S-a solicitat și s-a reușit să obțină un produs perfect adaptabil pieței din Mallorca, combinând fațada ventilată cu gresie și fațada cu termosistem și tencuială decorativă siliconică.</p>
<p>Lemnul folosit în structura construcției a primit tratament ignifug. Membranele inteligente ProClima oferă siguranță impermeabilă, indiferent de schimbările climatice, izolatorii utilizați în structură fiind ecologici și cu o eficiență energetică ridicată.</p>
<p>Colaborarea cu partenerii noștri &#8211; arhitectul Jose Luis Barrantes &amp; ECO Mallorca Passivhaus a făcut posibilă realizarea unui produs de înaltă clasă, o casă elegantă, eficientă energetic, estetică și practică.</p>
<h6></h6>
<h6>Suprafață</h6>
<p>198m2</p>
<h6></h6>
<h6>Locație</h6>
<p>Palma de Mallorca,Spania</p>

<p>Gladiols este o casă construită în stil mediteranean, casă proiectată, asamblată și certificată pasiv. S-a solicitat și s-a reușit să obțină un produs perfect adaptabil pieței din Mallorca, combinând fațada ventilată cu gresie și fațada cu termosistem și tencuială decorativă siliconică. Lemnul folosit în structura construcției a primit tratament ignifug. Membranele inteligente ProClima oferă siguranță [&hellip;]</p>
