{"id":23376,"date":"2023-03-28T07:32:24","date_gmt":"2023-03-28T07:32:24","guid":{"rendered":"https:\/\/www.ergio.ro\/co\/portfolio\/jorge-san-ruperto-2\/"},"modified":"2023-03-28T07:32:24","modified_gmt":"2023-03-28T07:32:24","slug":"jorge-san-ruperto-2","status":"publish","type":"jetpack-portfolio","link":"https:\/\/www.ergio.ro\/co\/it\/portfolio\/jorge-san-ruperto-2\/","title":{"rendered":"Jorge San Ruperto"},"content":{"rendered":"<div class=\"x11i5rnm xat24cr x1mh8g0r x1vvkbs xtlvy1s x126k92a\">\n<div dir=\"auto\">\n<div class=\"x11i5rnm xat24cr x1mh8g0r x1vvkbs xtlvy1s x126k92a\">\n<p dir=\"auto\">Questo edificio \u00e8 costruito con un sistema a telaio in legno, con due tipi di rivestimento esterno. Come potete vedere, parte dei pareti esterni della casa hanno il termosistema, e l&#8217;altra parte \u00e8 dotata di rivestimento in legno, pi\u00f9 precisamente, pannellatura verticale termotrattata &#8211; 21 mm, che \u00e8 stato installata in fabbrica. Nel caso del utilizzo di rivestimenti in legno, come da nostro suggerimento, \u00e8 opportuno installare una membrana UV a protezione della struttura.<\/p>\n<\/div>\n<div class=\"x11i5rnm xat24cr x1mh8g0r x1vvkbs xtlvy1s x126k92a\">\n<p dir=\"auto\">Un\u2019altra particolarit\u00e0 di questa costruzione \u00e8 il fatto che anche la struttura del tetto \u00e8 diversa, per ognuno dei due piani della casa. La struttura del tetto da un lato \u00e8 composta da travi nascoste, e dall&#8217;altro lato da travi lamellari a vista e larice da 19 mm.<\/p>\n<h6><\/h6>\n<h6>Superficie<\/h6>\n<p>127m2<\/p>\n<h6><\/h6>\n<h6>Posizione<\/h6>\n<p>Barcelona, Spagna<\/p>\n<\/div>\n<\/div>\n<\/div>\n","protected":false},"excerpt":{"rendered":"<p>Questo edificio \u00e8 costruito con un sistema a telaio in legno, con due tipi di rivestimento esterno. Come potete vedere, parte dei pareti esterni della casa hanno il termosistema, e l&#8217;altra parte \u00e8 dotata di rivestimento in legno, pi\u00f9 precisamente, pannellatura verticale termotrattata &#8211; 21 mm, che \u00e8 stato installata in fabbrica. Nel caso del [&hellip;]<\/p>\n","protected":false},"author":1,"featured_media":16449,"comment_status":"open","ping_status":"closed","template":"","jetpack-portfolio-type":[173,174],"jetpack-portfolio-tag":[],"class_list":["post-23376","jetpack-portfolio","type-jetpack-portfolio","status-publish","has-post-thumbnail","hentry","jetpack-portfolio-type-telaio-in-legno","jetpack-portfolio-type-tetto-a-terrazza"],"acf":[],"_links":{"self":[{"href":"https:\/\/www.ergio.ro\/co\/it\/wp-json\/wp\/v2\/jetpack-portfolio\/23376","targetHints":{"allow":["GET"]}}],"collection":[{"href":"https:\/\/www.ergio.ro\/co\/it\/wp-json\/wp\/v2\/jetpack-portfolio"}],"about":[{"href":"https:\/\/www.ergio.ro\/co\/it\/wp-json\/wp\/v2\/types\/jetpack-portfolio"}],"author":[{"embeddable":true,"href":"https:\/\/www.ergio.ro\/co\/it\/wp-json\/wp\/v2\/users\/1"}],"replies":[{"embeddable":true,"href":"https:\/\/www.ergio.ro\/co\/it\/wp-json\/wp\/v2\/comments?post=23376"}],"version-history":[{"count":0,"href":"https:\/\/www.ergio.ro\/co\/it\/wp-json\/wp\/v2\/jetpack-portfolio\/23376\/revisions"}],"wp:featuredmedia":[{"embeddable":true,"href":"https:\/\/www.ergio.ro\/co\/it\/wp-json\/wp\/v2\/media\/16449"}],"wp:attachment":[{"href":"https:\/\/www.ergio.ro\/co\/it\/wp-json\/wp\/v2\/media?parent=23376"}],"wp:term":[{"taxonomy":"jetpack-portfolio-type","embeddable":true,"href":"https:\/\/www.ergio.ro\/co\/it\/wp-json\/wp\/v2\/jetpack-portfolio-type?post=23376"},{"taxonomy":"jetpack-portfolio-tag","embeddable":true,"href":"https:\/\/www.ergio.ro\/co\/it\/wp-json\/wp\/v2\/jetpack-portfolio-tag?post=23376"}],"curies":[{"name":"wp","href":"https:\/\/api.w.org\/{rel}","templated":true}]}}

<div class="x11i5rnm xat24cr x1mh8g0r x1vvkbs xtlvy1s x126k92a">
<div dir="auto">
<div class="x11i5rnm xat24cr x1mh8g0r x1vvkbs xtlvy1s x126k92a">
<p dir="auto">Questo edificio è costruito con un sistema a telaio in legno, con due tipi di rivestimento esterno. Come potete vedere, parte dei pareti esterni della casa hanno il termosistema, e l&#8217;altra parte è dotata di rivestimento in legno, più precisamente, pannellatura verticale termotrattata &#8211; 21 mm, che è stato installata in fabbrica. Nel caso del utilizzo di rivestimenti in legno, come da nostro suggerimento, è opportuno installare una membrana UV a protezione della struttura.</p>
</div>
<div class="x11i5rnm xat24cr x1mh8g0r x1vvkbs xtlvy1s x126k92a">
<p dir="auto">Un’altra particolarità di questa costruzione è il fatto che anche la struttura del tetto è diversa, per ognuno dei due piani della casa. La struttura del tetto da un lato è composta da travi nascoste, e dall&#8217;altro lato da travi lamellari a vista e larice da 19 mm.</p>
<h6></h6>
<h6>Superficie</h6>
<p>127m2</p>
<h6></h6>
<h6>Posizione</h6>
<p>Barcelona, Spagna</p>
</div>
</div>
</div>

<p>Questo edificio è costruito con un sistema a telaio in legno, con due tipi di rivestimento esterno. Come potete vedere, parte dei pareti esterni della casa hanno il termosistema, e l&#8217;altra parte è dotata di rivestimento in legno, più precisamente, pannellatura verticale termotrattata &#8211; 21 mm, che è stato installata in fabbrica. Nel caso del [&hellip;]</p>
