{"id":22716,"date":"2022-04-09T07:14:14","date_gmt":"2022-04-09T07:14:14","guid":{"rendered":"https:\/\/www.ergio.ro\/co\/portfolio\/guarderia\/"},"modified":"2022-04-09T07:14:14","modified_gmt":"2022-04-09T07:14:14","slug":"guarderia","status":"publish","type":"jetpack-portfolio","link":"https:\/\/www.ergio.ro\/co\/fr\/portfolio\/guarderia\/","title":{"rendered":"Guarderia"},"content":{"rendered":"<p><span style=\"font-size: revert; font-family: var(--font-primary);\">Ce projet fait partie des projets modulaires pr\u00e9fabriqu\u00e9s Ergio, repr\u00e9sentant le premier jardin d&rsquo;enfants public modulaire en Espagne.<\/span><\/p>\n<p>Ce que nous aimons le plus dans ce projet, c&rsquo;est la combinaison de la structure modulaire (qui raccourcit les d\u00e9lais et offre durabilit\u00e9 et efficacit\u00e9 thermique) avec l&rsquo;architecture gaie, qui a \u00e9t\u00e9 adapt\u00e9e aux exigences du client. Les fen\u00eatres sont positionn\u00e9es \u00e0 diff\u00e9rents niveaux afin que les enfants puissent regarder de leur hauteur.<\/p>\n<p>Ce projet \u00e9tait compos\u00e9 de 3 modules, manipul\u00e9s avec une structure de support m\u00e9tallique, ce qui permettait de les soulever et de les placer \u00e0 l&rsquo;aide d&rsquo;une grue.<\/p>\n<h6>&nbsp;<\/h6>\n<h6>Emplacement<\/h6>\n<p>Galicia, Espagne<\/p>\n<h6>&nbsp;<\/h6>\n<h6>Surface<\/h6>\n<p>180m<sup>2<\/sup><\/p>\n<h6>&nbsp;<\/h6>\n","protected":false},"excerpt":{"rendered":"<p>Ce projet fait partie des projets modulaires pr\u00e9fabriqu\u00e9s Ergio, repr\u00e9sentant le premier jardin d&rsquo;enfants public modulaire en Espagne. Ce que nous aimons le plus dans ce projet, c&rsquo;est la combinaison de la structure modulaire (qui raccourcit les d\u00e9lais et offre durabilit\u00e9 et efficacit\u00e9 thermique) avec l&rsquo;architecture gaie, qui a \u00e9t\u00e9 adapt\u00e9e aux exigences du client. [&hellip;]<\/p>\n","protected":false},"author":1,"featured_media":15797,"comment_status":"closed","ping_status":"closed","template":"","jetpack-portfolio-type":[155,157,151,152],"jetpack-portfolio-tag":[],"class_list":["post-22716","jetpack-portfolio","type-jetpack-portfolio","status-publish","has-post-thumbnail","hentry","jetpack-portfolio-type-batiment-public","jetpack-portfolio-type-construction-modulaire","jetpack-portfolio-type-ossature-bois","jetpack-portfolio-type-toit-plat"],"acf":[],"_links":{"self":[{"href":"https:\/\/www.ergio.ro\/co\/fr\/wp-json\/wp\/v2\/jetpack-portfolio\/22716","targetHints":{"allow":["GET"]}}],"collection":[{"href":"https:\/\/www.ergio.ro\/co\/fr\/wp-json\/wp\/v2\/jetpack-portfolio"}],"about":[{"href":"https:\/\/www.ergio.ro\/co\/fr\/wp-json\/wp\/v2\/types\/jetpack-portfolio"}],"author":[{"embeddable":true,"href":"https:\/\/www.ergio.ro\/co\/fr\/wp-json\/wp\/v2\/users\/1"}],"replies":[{"embeddable":true,"href":"https:\/\/www.ergio.ro\/co\/fr\/wp-json\/wp\/v2\/comments?post=22716"}],"version-history":[{"count":0,"href":"https:\/\/www.ergio.ro\/co\/fr\/wp-json\/wp\/v2\/jetpack-portfolio\/22716\/revisions"}],"wp:featuredmedia":[{"embeddable":true,"href":"https:\/\/www.ergio.ro\/co\/fr\/wp-json\/wp\/v2\/media\/15797"}],"wp:attachment":[{"href":"https:\/\/www.ergio.ro\/co\/fr\/wp-json\/wp\/v2\/media?parent=22716"}],"wp:term":[{"taxonomy":"jetpack-portfolio-type","embeddable":true,"href":"https:\/\/www.ergio.ro\/co\/fr\/wp-json\/wp\/v2\/jetpack-portfolio-type?post=22716"},{"taxonomy":"jetpack-portfolio-tag","embeddable":true,"href":"https:\/\/www.ergio.ro\/co\/fr\/wp-json\/wp\/v2\/jetpack-portfolio-tag?post=22716"}],"curies":[{"name":"wp","href":"https:\/\/api.w.org\/{rel}","templated":true}]}}

<p><span style="font-size: revert; font-family: var(--font-primary);">Ce projet fait partie des projets modulaires préfabriqués Ergio, représentant le premier jardin d&rsquo;enfants public modulaire en Espagne.</span></p>
<p>Ce que nous aimons le plus dans ce projet, c&rsquo;est la combinaison de la structure modulaire (qui raccourcit les délais et offre durabilité et efficacité thermique) avec l&rsquo;architecture gaie, qui a été adaptée aux exigences du client. Les fenêtres sont positionnées à différents niveaux afin que les enfants puissent regarder de leur hauteur.</p>
<p>Ce projet était composé de 3 modules, manipulés avec une structure de support métallique, ce qui permettait de les soulever et de les placer à l&rsquo;aide d&rsquo;une grue.</p>
<h6>&nbsp;</h6>
<h6>Emplacement</h6>
<p>Galicia, Espagne</p>
<h6>&nbsp;</h6>
<h6>Surface</h6>
<p>180m<sup>2</sup></p>
<h6>&nbsp;</h6>

<p>Ce projet fait partie des projets modulaires préfabriqués Ergio, représentant le premier jardin d&rsquo;enfants public modulaire en Espagne. Ce que nous aimons le plus dans ce projet, c&rsquo;est la combinaison de la structure modulaire (qui raccourcit les délais et offre durabilité et efficacité thermique) avec l&rsquo;architecture gaie, qui a été adaptée aux exigences du client. [&hellip;]</p>
