{"id":22713,"date":"2023-03-02T10:02:53","date_gmt":"2023-03-02T10:02:53","guid":{"rendered":"https:\/\/www.ergio.ro\/co\/portfolio\/rosa-canals\/"},"modified":"2023-03-02T10:02:53","modified_gmt":"2023-03-02T10:02:53","slug":"rosa-canals","status":"publish","type":"jetpack-portfolio","link":"https:\/\/www.ergio.ro\/co\/fr\/portfolio\/rosa-canals\/","title":{"rendered":"Rosa Canals"},"content":{"rendered":"<div class=\"x11i5rnm xat24cr x1mh8g0r x1vvkbs xtlvy1s x126k92a\">\n<p dir=\"auto\">Ce projet repr\u00e9sente une maison passive finie, qui n\u00e9cessitait une isolation sp\u00e9ciale pour assurer une meilleure valeur du coefficient thermique et des mat\u00e9riaux \u00e9cologiques sp\u00e9ciaux, qui peuvent garantir un impact moindre sur l&rsquo;environnement.<\/p>\n<\/div>\n<div class=\"x11i5rnm xat24cr x1mh8g0r x1vvkbs xtlvy1s x126k92a\">\n<p dir=\"auto\">L&rsquo;\u00e9tanch\u00e9it\u00e9 du b\u00e2timent a \u00e9t\u00e9 certifi\u00e9e par la r\u00e9alisation d&rsquo;un test d&rsquo;infiltrom\u00e9trie, qui l&rsquo;a class\u00e9 comme b\u00e2timent passif.<\/p>\n<h6>&nbsp;<\/h6>\n<h6>Surface<\/h6>\n<p>150m2<\/p>\n<h6>&nbsp;<\/h6>\n<h6>Emplacement<\/h6>\n<p><span style=\"font-weight: 400;\">Son Sardina, Palma de Mallorca,&nbsp;<\/span>Espagne<\/p>\n<\/div>\n","protected":false},"excerpt":{"rendered":"<p>Ce projet repr\u00e9sente une maison passive finie, qui n\u00e9cessitait une isolation sp\u00e9ciale pour assurer une meilleure valeur du coefficient thermique et des mat\u00e9riaux \u00e9cologiques sp\u00e9ciaux, qui peuvent garantir un impact moindre sur l&rsquo;environnement. L&rsquo;\u00e9tanch\u00e9it\u00e9 du b\u00e2timent a \u00e9t\u00e9 certifi\u00e9e par la r\u00e9alisation d&rsquo;un test d&rsquo;infiltrom\u00e9trie, qui l&rsquo;a class\u00e9 comme b\u00e2timent passif. &nbsp; Surface 150m2 &nbsp; [&hellip;]<\/p>\n","protected":false},"author":1,"featured_media":18123,"comment_status":"open","ping_status":"closed","template":"","jetpack-portfolio-type":[151,152],"jetpack-portfolio-tag":[],"class_list":["post-22713","jetpack-portfolio","type-jetpack-portfolio","status-publish","has-post-thumbnail","hentry","jetpack-portfolio-type-ossature-bois","jetpack-portfolio-type-toit-plat"],"acf":[],"_links":{"self":[{"href":"https:\/\/www.ergio.ro\/co\/fr\/wp-json\/wp\/v2\/jetpack-portfolio\/22713","targetHints":{"allow":["GET"]}}],"collection":[{"href":"https:\/\/www.ergio.ro\/co\/fr\/wp-json\/wp\/v2\/jetpack-portfolio"}],"about":[{"href":"https:\/\/www.ergio.ro\/co\/fr\/wp-json\/wp\/v2\/types\/jetpack-portfolio"}],"author":[{"embeddable":true,"href":"https:\/\/www.ergio.ro\/co\/fr\/wp-json\/wp\/v2\/users\/1"}],"replies":[{"embeddable":true,"href":"https:\/\/www.ergio.ro\/co\/fr\/wp-json\/wp\/v2\/comments?post=22713"}],"version-history":[{"count":0,"href":"https:\/\/www.ergio.ro\/co\/fr\/wp-json\/wp\/v2\/jetpack-portfolio\/22713\/revisions"}],"wp:featuredmedia":[{"embeddable":true,"href":"https:\/\/www.ergio.ro\/co\/fr\/wp-json\/wp\/v2\/media\/18123"}],"wp:attachment":[{"href":"https:\/\/www.ergio.ro\/co\/fr\/wp-json\/wp\/v2\/media?parent=22713"}],"wp:term":[{"taxonomy":"jetpack-portfolio-type","embeddable":true,"href":"https:\/\/www.ergio.ro\/co\/fr\/wp-json\/wp\/v2\/jetpack-portfolio-type?post=22713"},{"taxonomy":"jetpack-portfolio-tag","embeddable":true,"href":"https:\/\/www.ergio.ro\/co\/fr\/wp-json\/wp\/v2\/jetpack-portfolio-tag?post=22713"}],"curies":[{"name":"wp","href":"https:\/\/api.w.org\/{rel}","templated":true}]}}

<div class="x11i5rnm xat24cr x1mh8g0r x1vvkbs xtlvy1s x126k92a">
<p dir="auto">Ce projet représente une maison passive finie, qui nécessitait une isolation spéciale pour assurer une meilleure valeur du coefficient thermique et des matériaux écologiques spéciaux, qui peuvent garantir un impact moindre sur l&rsquo;environnement.</p>
</div>
<div class="x11i5rnm xat24cr x1mh8g0r x1vvkbs xtlvy1s x126k92a">
<p dir="auto">L&rsquo;étanchéité du bâtiment a été certifiée par la réalisation d&rsquo;un test d&rsquo;infiltrométrie, qui l&rsquo;a classé comme bâtiment passif.</p>
<h6>&nbsp;</h6>
<h6>Surface</h6>
<p>150m2</p>
<h6>&nbsp;</h6>
<h6>Emplacement</h6>
<p><span style="font-weight: 400;">Son Sardina, Palma de Mallorca,&nbsp;</span>Espagne</p>
</div>

<p>Ce projet représente une maison passive finie, qui nécessitait une isolation spéciale pour assurer une meilleure valeur du coefficient thermique et des matériaux écologiques spéciaux, qui peuvent garantir un impact moindre sur l&rsquo;environnement. L&rsquo;étanchéité du bâtiment a été certifiée par la réalisation d&rsquo;un test d&rsquo;infiltrométrie, qui l&rsquo;a classé comme bâtiment passif. &nbsp; Surface 150m2 &nbsp; [&hellip;]</p>
