{"id":23409,"date":"2023-05-04T13:30:50","date_gmt":"2023-05-04T11:30:50","guid":{"rendered":"https:\/\/www.ergio.ro\/co\/portfolio\/collbato-gandesa\/"},"modified":"2023-05-04T13:30:50","modified_gmt":"2023-05-04T13:30:50","slug":"collbato-gandesa","status":"publish","type":"jetpack-portfolio","link":"https:\/\/www.ergio.ro\/co\/de\/portfolio\/collbato-gandesa\/","title":{"rendered":"Collbato Gandesa"},"content":{"rendered":"<div class=\"x11i5rnm xat24cr x1mh8g0r x1vvkbs xtlvy1s x126k92a\">\n<div dir=\"auto\">\n<div class=\"x11i5rnm xat24cr x1mh8g0r x1vvkbs xtlvy1s x126k92a\">\n<div class=\"xdj266r x11i5rnm xat24cr x1mh8g0r x1vvkbs x126k92a\">\n<p dir=\"auto\"><span style=\"font-size: revert; font-family: var(--font-primary);\">Dieses Haus hat eine Fl\u00e4che von 141 Quadratmetern und beinhaltet etwa 22 Kubikmeter Holz.<\/span><\/p>\n<\/div>\n<div dir=\"auto\">Die Au\u00dfenw\u00e4nde haben eine Rahmenstruktur von 150 x 45 mm, 15 mm OSB, Knauf Unifit 035-150 mm als Isolationsmaterial und Proclima Intello Plus-Membran. Die Rahmenstruktur der Innenw\u00e4nde hat unterschiedliche Gr\u00f6\u00dfen: 60 x 45 mm \/ 100 x 45 mm, 50\/100 mm Knauf Akustik Board und 15 mm OSB.<\/div>\n<p dir=\"auto\">Unser Partner hat freiliegende Brettschichtholzbalken f\u00fcr den Dachbereich angefordert, eine intelligente Proclima Intello Plus-Membran, 200 mm Knauf Unifit-Mineralwolle, 18 mm <a class=\"x1i10hfl xjbqb8w x6umtig x1b1mbwd xaqea5y xav7gou x9f619 x1ypdohk xt0psk2 xe8uvvx xdj266r x11i5rnm xat24cr x1mh8g0r xexx8yu x4uap5 x18d9i69 xkhd6sd x16tdsg8 x1hl2dhg xggy1nq x1a2a7pz xt0b8zv x1qq9wsj xo1l8bm\" tabindex=\"0\" role=\"link\" href=\"https:\/\/www.facebook.com\/rothoblaas1?__cft__%5B0%5D=AZUtOejSTT5Qbt6ZT2IEcoW1RcDcv1lRP84a10oQt1MyLtEd-V7GcPreitUEhmphZ8SQ1nyFkm_3fZbcXiFp4qBEOvH1ab13K7sZ5bi05ewXrRaPw5yd9GUio9kb_tNcsHGIDQmQy9ob-PWHBnO6cSeQ&amp;__tn__=-%5DK-R\"><span class=\"xt0psk2\">OSB<\/span><\/a> und eine sehr atmungsaktive Rothoblaas Traspir 150-Membran. Die gesamte Struktur des Hauses wurde in unserem Autoklaven einem Brandschutzbehandlung unterzogen.<\/p>\n<\/div>\n<div class=\"x11i5rnm xat24cr x1mh8g0r x1vvkbs xtlvy1s x126k92a\">\n<h6><\/h6>\n<h6>Oberfl\u00e4che<\/h6>\n<p>141m2<\/p>\n<h6><\/h6>\n<h6>Standort<\/h6>\n<p>Barcelona, Spanien<\/p>\n<\/div>\n<\/div>\n<\/div>\n","protected":false},"excerpt":{"rendered":"<p>Dieses Haus hat eine Fl\u00e4che von 141 Quadratmetern und beinhaltet etwa 22 Kubikmeter Holz. Die Au\u00dfenw\u00e4nde haben eine Rahmenstruktur von 150 x 45 mm, 15 mm OSB, Knauf Unifit 035-150 mm als Isolationsmaterial und Proclima Intello Plus-Membran. Die Rahmenstruktur der Innenw\u00e4nde hat unterschiedliche Gr\u00f6\u00dfen: 60 x 45 mm \/ 100 x 45 mm, 50\/100 mm [&hellip;]<\/p>\n","protected":false},"author":1,"featured_media":30686,"comment_status":"open","ping_status":"closed","template":"","jetpack-portfolio-type":[160,230],"jetpack-portfolio-tag":[],"class_list":["post-23409","jetpack-portfolio","type-jetpack-portfolio","status-publish","has-post-thumbnail","hentry","jetpack-portfolio-type-holzrahmen","jetpack-portfolio-type-residencial-de"],"acf":[],"_links":{"self":[{"href":"https:\/\/www.ergio.ro\/co\/de\/wp-json\/wp\/v2\/jetpack-portfolio\/23409","targetHints":{"allow":["GET"]}}],"collection":[{"href":"https:\/\/www.ergio.ro\/co\/de\/wp-json\/wp\/v2\/jetpack-portfolio"}],"about":[{"href":"https:\/\/www.ergio.ro\/co\/de\/wp-json\/wp\/v2\/types\/jetpack-portfolio"}],"author":[{"embeddable":true,"href":"https:\/\/www.ergio.ro\/co\/de\/wp-json\/wp\/v2\/users\/1"}],"replies":[{"embeddable":true,"href":"https:\/\/www.ergio.ro\/co\/de\/wp-json\/wp\/v2\/comments?post=23409"}],"version-history":[{"count":0,"href":"https:\/\/www.ergio.ro\/co\/de\/wp-json\/wp\/v2\/jetpack-portfolio\/23409\/revisions"}],"wp:featuredmedia":[{"embeddable":true,"href":"https:\/\/www.ergio.ro\/co\/de\/wp-json\/wp\/v2\/media\/30686"}],"wp:attachment":[{"href":"https:\/\/www.ergio.ro\/co\/de\/wp-json\/wp\/v2\/media?parent=23409"}],"wp:term":[{"taxonomy":"jetpack-portfolio-type","embeddable":true,"href":"https:\/\/www.ergio.ro\/co\/de\/wp-json\/wp\/v2\/jetpack-portfolio-type?post=23409"},{"taxonomy":"jetpack-portfolio-tag","embeddable":true,"href":"https:\/\/www.ergio.ro\/co\/de\/wp-json\/wp\/v2\/jetpack-portfolio-tag?post=23409"}],"curies":[{"name":"wp","href":"https:\/\/api.w.org\/{rel}","templated":true}]}}

<div class="x11i5rnm xat24cr x1mh8g0r x1vvkbs xtlvy1s x126k92a">
<div dir="auto">
<div class="x11i5rnm xat24cr x1mh8g0r x1vvkbs xtlvy1s x126k92a">
<div class="xdj266r x11i5rnm xat24cr x1mh8g0r x1vvkbs x126k92a">
<p dir="auto"><span style="font-size: revert; font-family: var(--font-primary);">Dieses Haus hat eine Fläche von 141 Quadratmetern und beinhaltet etwa 22 Kubikmeter Holz.</span></p>
</div>
<div dir="auto">Die Außenwände haben eine Rahmenstruktur von 150 x 45 mm, 15 mm OSB, Knauf Unifit 035-150 mm als Isolationsmaterial und Proclima Intello Plus-Membran. Die Rahmenstruktur der Innenwände hat unterschiedliche Größen: 60 x 45 mm / 100 x 45 mm, 50/100 mm Knauf Akustik Board und 15 mm OSB.</div>
<p dir="auto">Unser Partner hat freiliegende Brettschichtholzbalken für den Dachbereich angefordert, eine intelligente Proclima Intello Plus-Membran, 200 mm Knauf Unifit-Mineralwolle, 18 mm <a class="x1i10hfl xjbqb8w x6umtig x1b1mbwd xaqea5y xav7gou x9f619 x1ypdohk xt0psk2 xe8uvvx xdj266r x11i5rnm xat24cr x1mh8g0r xexx8yu x4uap5 x18d9i69 xkhd6sd x16tdsg8 x1hl2dhg xggy1nq x1a2a7pz xt0b8zv x1qq9wsj xo1l8bm" tabindex="0" role="link" href="https://www.facebook.com/rothoblaas1?__cft__%5B0%5D=AZUtOejSTT5Qbt6ZT2IEcoW1RcDcv1lRP84a10oQt1MyLtEd-V7GcPreitUEhmphZ8SQ1nyFkm_3fZbcXiFp4qBEOvH1ab13K7sZ5bi05ewXrRaPw5yd9GUio9kb_tNcsHGIDQmQy9ob-PWHBnO6cSeQ&amp;__tn__=-%5DK-R"><span class="xt0psk2">OSB</span></a> und eine sehr atmungsaktive Rothoblaas Traspir 150-Membran. Die gesamte Struktur des Hauses wurde in unserem Autoklaven einem Brandschutzbehandlung unterzogen.</p>
</div>
<div class="x11i5rnm xat24cr x1mh8g0r x1vvkbs xtlvy1s x126k92a">
<h6></h6>
<h6>Oberfläche</h6>
<p>141m2</p>
<h6></h6>
<h6>Standort</h6>
<p>Barcelona, Spanien</p>
</div>
</div>
</div>

<p>Dieses Haus hat eine Fläche von 141 Quadratmetern und beinhaltet etwa 22 Kubikmeter Holz. Die Außenwände haben eine Rahmenstruktur von 150 x 45 mm, 15 mm OSB, Knauf Unifit 035-150 mm als Isolationsmaterial und Proclima Intello Plus-Membran. Die Rahmenstruktur der Innenwände hat unterschiedliche Größen: 60 x 45 mm / 100 x 45 mm, 50/100 mm [&hellip;]</p>
